3.
3, 11, 499, 5443
What are the prime factors of 538522067?
43, 941, 13309
What are the prime factors of 256457289?
3, 11, 43, 180731
List the prime factors of 445458506.
2, 2707, 82279
What are the prime factors of 92070786?
2, 3, 191, 80341
What are the prime factors of 153086722?
2, 4751, 16111
List the prime factors of 58658067.
3, 13, 167117
What are the prime factors of 13530309?
3, 13, 26687
What are the prime factors of 57945781?
57945781
What are the prime factors of 8039204069?
13, 17, 36376489
What are the prime factors of 321551955?
3, 5, 7145599
List the prime factors of 232220635.
5, 151, 307577
List the prime factors of 1991379459.
3, 3719, 178487
What are the prime factors of 102618614?
2, 7, 1709, 4289
List the prime factors of 561561064.
2, 70195133
What are the prime factors of 103554088?
2, 11, 61, 101, 191
List the prime factors of 70443756.
2, 3, 23, 137
List the prime factors of 168306237.
3, 11, 19, 89477
What are the prime factors of 433929634?
2, 216964817
List the prime factors of 417766947.
3, 13, 10711973
What are the prime factors of 3535233308?
2, 23, 599, 64151
What are the prime factors of 305420057?
1213, 251789
What are the prime factors of 61917954?
2, 3, 7, 41, 877
List the prime factors of 451278297.
3, 5571337
What are the prime factors of 48527391?
3, 11, 61, 24107
What are the prime factors of 248086978?
2, 163, 761003
List the prime factors of 76548381.
3, 7, 13, 21569
List the prime factors of 236667340.
2, 5, 7, 13, 109, 1193
List the prime factors of 413651915.
5, 82730383
What are the prime factors of 146040196?
2, 41, 281, 3169
List the prime factors of 244194133.
499, 489367
What are the prime factors of 681813011?
11, 61983001
What are the prime factors of 2943513719?
2943513719
List the prime factors of 53736854.
2, 3851, 6977
List the prime factors of 1049172595.
5, 17, 726071
List the prime factors of 1038106588.
2, 259526647
List the prime factors of 822417612.
2, 3, 29, 1321, 1789
List the prime factors of 14429726.
2, 7214863
What are the prime factors of 255014805?
3, 5, 383, 44389
List the prime factors of 59156113.
59156113
What are the prime factors of 101034944?
2, 17, 92863
List the prime factors of 955134662.
2, 23, 29, 43, 16651
List the prime factors of 218934803.
31, 7062413
List the prime factors of 1589831203.
101, 15740903
What are the prime factors of 395714386?
2, 2917, 67829
List the prime factors of 57244595.
5, 11448919
What are the prime factors of 107225315?
5, 277, 77419
List the prime factors of 674521731.
3, 13, 5765143
List the prime factors of 3177598.
2, 19, 83621
List the prime factors of 2781370.
2, 5, 17, 16361
What are the prime factors of 32893012?
2, 8223253
List the prime factors of 1554204976.
2, 97137811
List the prime factors of 2142328515.
3, 5, 41, 1249, 2789
What are the prime factors of 1274214848?
2, 61, 71, 4597
List the prime factors of 51267999.
3, 41, 61, 6833
List the prime factors of 67371578.
2, 17, 1981517
What are the prime factors of 351280867?
7, 47, 59, 18097
What are the prime factors of 275291220?
2, 3, 5, 41, 47, 2381
List the prime factors of 183842531.
53, 3468727
List the prime factors of 149727488.
2, 584873
List the prime factors of 1100075211.
3, 23, 67, 79319
List the prime factors of 1141289879.
1667, 684637
What are the prime factors of 234106400?
2, 5, 11, 37, 719
List the prime factors of 4478572903.
7, 23, 1669, 2381
What are the prime factors of 77110524?
2, 3, 43, 109, 457
List the prime factors of 385657701.
3, 11, 13, 31, 47, 617
What are the prime factors of 226796694?
2, 3, 17, 2223497
What are the prime factors of 114466228?
2, 131, 218447
List the prime factors of 10520448.
2, 3, 27397
What are the prime factors of 1039332569?
11, 619, 152641
List the prime factors of 7976543.
43, 61, 3041
What are the prime factors of 49321869?
3, 16440623
List the prime factors of 135841992.
2, 3, 11, 13, 39581
List the prime factors of 333971511.
3, 17, 29, 225809
What are the prime factors of 314625051?
3, 13, 2689103
List the prime factors of 184756130.
2, 5, 13, 113, 12577
List the prime factors of 103852073.
13, 61, 173, 757
What are the prime factors of 932633405?
5, 11, 16956971
What are the prime factors of 333130673?
937, 355529
What are the prime factors of 249129313?
151, 1649863
List the prime factors of 1677262685.
5, 7, 5939, 8069
List the prime factors of 1247502453.
3, 2129, 195319
List the prime factors of 1035130579.
7, 31, 153877
List the prime factors of 48140104.
2, 23, 261631
What are the prime factors of 731898559?
7, 104556937
List the prime factors of 25611884.
2, 6402971
List the prime factors of 1045112906.
2, 2719, 192187
List the prime factors of 168087256.
2, 3257, 6451
What are the prime factors of 126274182?
2, 3, 21045697
List the prime factors of 2513573472.
2, 3, 26183057
What are the prime factors of 9972677?
11, 13, 69739
What are the prime factors of 3722322135?
3, 5, 7, 97, 365471
List the prime factors of 964812191.
7, 19, 59, 122953
List the prime factors of 88567144.
2, 17, 701, 929
What are the prime factors of 713578690?
2, 5, 11, 6487079
What are the prime factors of 1999358934?
2, 3, 5011, 66499
What are the prime factors of 1581839747?
30937, 51131
List the prime factors of 173055999.
3, 57685333
What are the prime factors of 49493650?
2, 5, 989873
What are the prime factors of 10482769?
11, 952979
What are the prime factors of 1220470687?
433, 2818639
List the prime factors of 1618687040.
2, 5, 5058397
List the prime factors of 774214917.
3, 7, 179, 205963
What are the prime factors of 7366277878?
2, 29, 127004791
What are the prime factors of 351317568?
2, 3, 7, 43, 6079
What are the prime factors of 49071516?
2, 3, 13, 24197
What are the prime factors of 99796106?
2, 541, 92233
List the prime factors of 5973513164.
2, 271, 1109, 4969
What are the prime factors of 2958349696?
2, 61, 107, 3541
What are the prime factors of 201617234?
2, 7, 13, 1107787
List the prime factors of 218979189.
3, 11, 13, 229, 743
List the prime factors of 822175368.
2, 3, 7, 193, 25357
What are the prime factors of 46490433?
3, 11, 41, 34361
What are the prime factors of 1123077178?
2, 313, 1794053
List the prime factors of 1979114209.
1979114209
What are the prime factors of 185700726?
2, 3, 31, 41, 8117
What are the prime factors of 924207684?
2, 3, 89, 865363
List the prime factors of 84509927.
199, 331, 1283
List the prime factors of 213025149.
3, 23, 31, 89, 373
List the prime factors of 679972016.
2, 659, 64489
What are the prime factors of 844730615?
5, 467, 361769
List the prime factors of 46855473.
3, 7, 547, 4079
What are the prime factors of 23231084?
2, 5807771
What are the prime factors of 59289730?
2, 5, 5928973
List the prime factors of 894891200.
2, 5, 7, 79901
What are the prime factors of 149455326?
2, 3, 4793, 5197
List the prime factors of 124215878.
2, 719, 86381
What are the prime factors of 181603944?
2, 3, 280253
List the prime factors of 179917072.
2, 11244817
What are the prime factors of 104790132?
2, 3, 970279
List the prime factors of 41779789.
43, 401, 2423
What are the prime factors of 1909329579?
3, 29, 199, 36761
What are the prime factors of 3627421880?
2, 5, 251, 439, 823
What are the prime factors of 2682065888?
2, 83814559
What are the prime factors of 1827981449?
7, 61, 271, 15797
List the prime factors of 105998059.
105998059
List the prime factors of 37843674.
2, 3, 11, 37, 15497
List the prime factors of 604242051.
3, 7, 41, 701791
List the prime factors of 30556812.
2, 3, 11, 13, 17807
List the prime factors of 2172709820.
2, 5, 17, 659, 9697
List the prime factors of 2473062647.
11, 37, 6076321
List the prime factors of 261602977.
157, 1666261
What are the prime factors of 6816456812?
2, 11, 47, 503, 6553
What are the prime factors of 118306070?
2, 5, 53, 223219
List the prime factors of 70025111.
13, 29, 89, 2087
List the prime factors of 3094601645.
5, 89, 2347, 2963
What are the prime factors of 463328521?
839, 552239
What are the prime factors of 735098039?
13, 56546003
List the prime factors of 77578772.
2, 83, 181, 1291
What are the prime factors of 142597693?
7, 491, 5927
List the prime factors of 44971910.
2, 5, 4497191
List the prime factors of 192